[INFO] fetching crate w25q 0.2.9...
[INFO] checking w25q-0.2.9 against master#9610dfe5a9a731ced1ea4923ecbd0c57fe367898 for beta-170-4
[INFO] extracting crate w25q 0.2.9 into /workspace/builds/worker-6-tc1/source
[INFO] validating manifest of crates.io crate w25q 0.2.9 on toolchain 9610dfe5a9a731ced1ea4923ecbd0c57fe367898
[INFO] running `Command { std: CARGO_HOME="/workspace/cargo-home" RUSTUP_HOME="/workspace/rustup-home" "/workspace/cargo-home/bin/cargo" "+9610dfe5a9a731ced1ea4923ecbd0c57fe367898" "metadata" "--manifest-path" "Cargo.toml" "--no-deps", kill_on_drop: false }`
[INFO] removed /workspace/builds/worker-6-tc1/source/.cargo/config
[INFO] started tweaking crates.io crate w25q 0.2.9
[INFO] finished tweaking crates.io crate w25q 0.2.9
[INFO] tweaked toml for crates.io crate w25q 0.2.9 written to /workspace/builds/worker-6-tc1/source/Cargo.toml
[INFO] crate crates.io crate w25q 0.2.9 already has a lockfile, it will not be regenerated
[INFO] running `Command { std: CARGO_HOME="/workspace/cargo-home" RUSTUP_HOME="/workspace/rustup-home" "/workspace/cargo-home/bin/cargo" "+9610dfe5a9a731ced1ea4923ecbd0c57fe367898" "fetch" "--manifest-path" "Cargo.toml", kill_on_drop: false }`
[INFO] [stderr]  Downloading crates ...
[INFO] [stderr]   Downloaded stm32f4xx-hal v0.7.0
[INFO] [stderr]   Downloaded stm32f4 v0.10.0
[INFO] running `Command { std: "docker" "create" "-v" "/var/lib/crater-agent-workspace/builds/worker-6-tc1/target:/opt/rustwide/target:rw,Z" "-v" "/var/lib/crater-agent-workspace/builds/worker-6-tc1/source:/opt/rustwide/workdir:ro,Z" "-v" "/var/lib/crater-agent-workspace/cargo-home:/opt/rustwide/cargo-home:ro,Z" "-v" "/var/lib/crater-agent-workspace/rustup-home:/opt/rustwide/rustup-home:ro,Z" "-e" "SOURCE_DIR=/opt/rustwide/workdir" "-e" "CARGO_TARGET_DIR=/opt/rustwide/target" "-e" "CARGO_HOME=/opt/rustwide/cargo-home" "-e" "RUSTUP_HOME=/opt/rustwide/rustup-home" "-w" "/opt/rustwide/workdir" "-m" "1610612736" "--user" "0:0" "--network" "none" "ghcr.io/rust-lang/crates-build-env/linux@sha256:5ff2268d62e97bff2cde7d5815dd6ed5b47097566f13b8d0ca110b04b60e07ed" "/opt/rustwide/cargo-home/bin/cargo" "+9610dfe5a9a731ced1ea4923ecbd0c57fe367898" "metadata" "--no-deps" "--format-version=1", kill_on_drop: false }`
[INFO] [stdout] 9c8bbd3b55170383a8f37311d302ef153fd7fd4a822082dcd1a00782cc574617
[INFO] running `Command { std: "docker" "start" "-a" "9c8bbd3b55170383a8f37311d302ef153fd7fd4a822082dcd1a00782cc574617", kill_on_drop: false }`
[INFO] running `Command { std: "docker" "inspect" "9c8bbd3b55170383a8f37311d302ef153fd7fd4a822082dcd1a00782cc574617", kill_on_drop: false }`
[INFO] running `Command { std: "docker" "rm" "-f" "9c8bbd3b55170383a8f37311d302ef153fd7fd4a822082dcd1a00782cc574617", kill_on_drop: false }`
[INFO] [stdout] 9c8bbd3b55170383a8f37311d302ef153fd7fd4a822082dcd1a00782cc574617
[INFO] running `Command { std: "docker" "create" "-v" "/var/lib/crater-agent-workspace/builds/worker-6-tc1/target:/opt/rustwide/target:rw,Z" "-v" "/var/lib/crater-agent-workspace/builds/worker-6-tc1/source:/opt/rustwide/workdir:ro,Z" "-v" "/var/lib/crater-agent-workspace/cargo-home:/opt/rustwide/cargo-home:ro,Z" "-v" "/var/lib/crater-agent-workspace/rustup-home:/opt/rustwide/rustup-home:ro,Z" "-e" "SOURCE_DIR=/opt/rustwide/workdir" "-e" "CARGO_TARGET_DIR=/opt/rustwide/target" "-e" "CARGO_INCREMENTAL=0" "-e" "RUST_BACKTRACE=full" "-e" "RUSTFLAGS=--cap-lints=forbid" "-e" "RUSTDOCFLAGS=--cap-lints=forbid" "-e" "CARGO_HOME=/opt/rustwide/cargo-home" "-e" "RUSTUP_HOME=/opt/rustwide/rustup-home" "-w" "/opt/rustwide/workdir" "-m" "1610612736" "--user" "0:0" "--network" "none" "ghcr.io/rust-lang/crates-build-env/linux@sha256:5ff2268d62e97bff2cde7d5815dd6ed5b47097566f13b8d0ca110b04b60e07ed" "/opt/rustwide/cargo-home/bin/cargo" "+9610dfe5a9a731ced1ea4923ecbd0c57fe367898" "check" "--frozen" "--all" "--all-targets" "--message-format=json", kill_on_drop: false }`
[INFO] [stdout] 2f28abcd8857b913ea164d2820e6fa889da746fd37c3a78b095c3c7ba66ecd62
[INFO] running `Command { std: "docker" "start" "-a" "2f28abcd8857b913ea164d2820e6fa889da746fd37c3a78b095c3c7ba66ecd62", kill_on_drop: false }`
[INFO] [stderr]    Compiling typenum v1.16.0
[INFO] [stderr]    Compiling cortex-m v0.7.7
[INFO] [stderr]    Compiling proc-macro2 v1.0.51
[INFO] [stderr]    Compiling semver v1.0.16
[INFO] [stderr]     Checking nb v1.0.0
[INFO] [stderr]    Compiling unicode-ident v1.0.6
[INFO] [stderr]    Compiling generic-array v0.14.6
[INFO] [stderr]    Compiling bare-metal v0.2.5
[INFO] [stderr]    Compiling quote v1.0.23
[INFO] [stderr]     Checking nb v0.1.3
[INFO] [stderr]    Compiling syn v1.0.107
[INFO] [stderr]    Compiling cortex-m v0.6.7
[INFO] [stderr]     Checking void v1.0.2
[INFO] [stderr]     Checking embedded-hal v0.2.7
[INFO] [stderr]     Checking vcell v0.1.3
[INFO] [stderr]     Checking volatile-register v0.2.1
[INFO] [stderr]     Checking bitfield v0.13.2
[INFO] [stderr]    Compiling cortex-m-rt v0.6.15
[INFO] [stderr]    Compiling stm32f4 v0.10.0
[INFO] [stderr]    Compiling cortex-m-semihosting v0.3.7
[INFO] [stderr]    Compiling rustc_version v0.4.0
[INFO] [stderr]     Checking stable_deref_trait v1.2.0
[INFO] [stderr]     Checking r0 v0.2.2
[INFO] [stderr]     Checking bitflags v1.3.2
[INFO] [stderr]     Checking rand_core v0.5.1
[INFO] [stderr]    Compiling cast v0.2.7
[INFO] [stderr]     Checking panic-semihosting v0.5.6
[INFO] [stderr]     Checking w25q v0.2.9 (/opt/rustwide/workdir)
[INFO] [stderr]     Checking generic-array v0.13.3
[INFO] [stderr]     Checking generic-array v0.12.4
[INFO] [stderr]     Checking as-slice v0.1.5
[INFO] [stderr]     Checking aligned v0.3.5
[INFO] [stderr]    Compiling cortex-m-rt-macros v0.6.15
[INFO] [stderr]     Checking stm32f4xx-hal v0.7.0
[INFO] [stdout] error[E0433]: failed to resolve: use of undeclared crate or module `spi_memory`
[INFO] [stdout]   --> examples/dump.rs:29:5
[INFO] [stdout]    |
[INFO] [stdout] 29 | use spi_memory::prelude::*;
[INFO] [stdout]    |     ^^^^^^^^^^ use of undeclared crate or module `spi_memory`
[INFO] [stdout] 
[INFO] [stdout] 
[INFO] [stdout] error[E0433]: failed to resolve: use of undeclared crate or module `spi_memory`
[INFO] [stdout]   --> examples/dump.rs:30:5
[INFO] [stdout]    |
[INFO] [stdout] 30 | use spi_memory::series25::Flash;
[INFO] [stdout]    |     ^^^^^^^^^^ use of undeclared crate or module `spi_memory`
[INFO] [stdout] 
[INFO] [stdout] 
[INFO] [stdout] error[E0432]: unresolved import `spi_memory::series25::Flash`
[INFO] [stdout]   --> examples/dump.rs:30:5
[INFO] [stdout]    |
[INFO] [stdout] 30 | use spi_memory::series25::Flash;
[INFO] [stdout]    |     ^^^^^^^^^^^^^^^^^^^^^^^^^^^
[INFO] [stdout] 
[INFO] [stdout] 
[INFO] [stdout] error: aborting due to 3 previous errors
[INFO] [stdout] 
[INFO] [stdout] 
[INFO] [stdout] Some errors have detailed explanations: E0432, E0433.
[INFO] [stdout] 
[INFO] [stdout] For more information about an error, try `rustc --explain E0432`.
[INFO] [stdout] 
[INFO] [stderr] error: could not compile `w25q` (example "dump") due to 4 previous errors
[INFO] running `Command { std: "docker" "inspect" "2f28abcd8857b913ea164d2820e6fa889da746fd37c3a78b095c3c7ba66ecd62", kill_on_drop: false }`
[INFO] running `Command { std: "docker" "rm" "-f" "2f28abcd8857b913ea164d2820e6fa889da746fd37c3a78b095c3c7ba66ecd62", kill_on_drop: false }`
[INFO] [stdout] 2f28abcd8857b913ea164d2820e6fa889da746fd37c3a78b095c3c7ba66ecd62
